 divided by 6?
5
What is the remainder when 2490/70 - 8/14 is divided by 6?
5
Let z(i) = -i**2 - 7*i. Let x be z(-6). Suppose -j - 15 = -5*u, 2*u - 7*u = -5*j + 25. Suppose j*v - x*v = 52. Calculate the remainder when v is divided by 7.
6
Suppose 2*k + 1 = -5, -4*r = 5*k - 93. Let m = r - 16. Let f(c) = 6*c**2 + 3*c + 1. What is the remainder when f(-2) is divided by m?
8
Let n be (-10)/(-14) - (-4)/14. Suppose n = 3*p - 5*m - 12, -2*p - 5*m + 17 = 0. Calculate the remainder when 79390/1868*-1*1/((-10)/4) is divided by p.
5
Suppose -174 = -3*l - 13*r + 12*r, 0 = -4*l + r + 239. Calculate the remainder when l is divided by 12.
11
Suppose 0 = 2*p + 2*g - 92, -2*p + 82 + 14 = -2*g. What is the remainder when 132 is divided by p?
38
Suppose -i - 3*i - 1014 = -5*a, 0 = -a - i + 201. Suppose -26 = 11*p - a. What is the remainder when 26 is divided by p?
10
Let l(t) = 2*t + 85. Calculate the remainder when 208 is divided by l(-39).
5
Let h(i) = -9*i - 20. Suppose 4*a - 4*k + 12 = 0, 7*k = 4*a + 2*k + 11. Calculate the remainder when h(a) is divided by 3.
1
Let c(y) = -18 - 23*y - 3*y**3 - 3*y**3 + 5*y**3 + 5*y**2 + 10*y**2. What is the remainder when c(13) is divided by 14?
7
Let k be 0/2*1/(-3). Suppose 2 = -n - 3*v + 3, -3*n + 4*v + 29 = k. Calculate the remainder when n/21*(12 + 0) is divided by 2.
0
Suppose -119*d - 76 = -123*d. What is the remainder when 166 is divided by d?
14
Suppose 5*i - 5 + 5 = 0. Suppose -6*n + 5*n + 2 = i. Calculate the remainder when n is divided by 1.
0
Suppose -5*r + 50 = 2*k + 2*k, 4*r = -8. Suppose -4*p + 64 = -3*p + 2*u, -4*p = 4*u - 240. What is the remainder when p is divided by k?
11
Suppose 9*p = 136 + 44. Let i = -20 + 31. What is the remainder when p is divided by i?
9
Suppose 4*p + 320 = 5*f, 0 = -4*f + 4*p - 85 + 345. Let l be 1*0*(-1)/2. Suppose l*k = -5*k + 80. What is the remainder when f is divided by k?
12
Suppose -8*k + 1944 = 1608. Calculate the remainder when 1763 is divided by k.
41
What is the remainder when ((-24)/(-10))/((-2)/(-10)) is divided by 7?
5
Let g = 214 + -98. What is the remainder when g is divided by 60?
56
Suppose -23*d + 11*d = 48. Calculate the remainder when (-208)/(1*-2) - 0 is divided by (d/(-16)*0 + 1)*21.
20
Suppose h - 10 = -3*a, -a - 73 = -4*h + 19. Let t(c) = 45*c**2 + 5*c + 3. Calculate the remainder when t(-1) is divided by h.
21
Suppose -u + 5*b + 2 = -7, -3*b - 13 = -u. Let t(j) = j + 3. What is the remainder when u is divided by t(4)?
5
Let d = 516 + -363. Suppose d = -3*k - 4*y, 0 = 2*y + 6. Let l = -8 - k. Calculate the remainder when l is divided by 10.
9
What is the remainder when 64/(-3)*(-255)/68 is divided by 26?
2
Suppose 7 = 2*g + 1. Suppose -g*h + 50 = 2*h. Calculate the remainder when h is divided by 2.
0
Let a = 43 + 16. Calculate the remainder when a is divided by 11.
4
Let y be ((-110)/15 - 5) + (-1)/(-3). What is the remainder when (2 - (-2)/3)/(y/(-18)) is divided by 2?
0
Let h(j) = -j + 13. Let n = 53 + -59. What is the remainder when 73 is divided by h(n)?
16
Let t(z) = -5*z - 3. What is the remainder when t(-3) is divided by (-25)/1925*-473 + 16/(-14)?
2
What is the remainder when 141 is divided by (-1 - -2)/(46/2392)?
37
Suppose 15*n + 41 = 4*m + 14*n, -3*n - 24 = -3*m. Suppose -32 = -q - 2. What is the remainder when q is divided by m?
8
Calculate the remainder when 102 is divided by -5 + (-1305)/(-75) + 3/5.
11
Suppose -6*o = -11*o + 30. What is the remainder when 64 is divided by ((5 - 35) + -4)*(-3)/o?
13
Calculate the remainder when 1 - 10 - 8085/(-55) is divided by 14.
12
What is the remainder when 1/12*4 + (-1028)/(-12) is divided by 15?
11
Let w(c) = c**2 - c + 5. Suppose 5*d + 191 = 2*a + 342, -2*d - a = -46. Calculate the remainder when d is divided by w(4).
10
Let m(o) be the third derivative of 3*o**5/20 + o**4/24 - o**3/6 - 11*o**2. Calculate the remainder when m(2) is divided by 12.
1
Let q = -395 + 1426. What is the remainder when q is divided by 15?
11
Let f = -11 + 71. Suppose 5*j - 8*j = -f. What is the remainder when j is divided by 7?
6
Suppose -4*u = 3*k - 260, -3*u + 0*k + 195 = k. Suppose 141 - 46 = 5*w. Calculate the remainder when u is divided by w.
8
Let v(l) = 97*l**3 + l**2 - l + 1. Let t = -1602 - -1635. Calculate the remainder when v(1) is divided by t.
32
Suppose -7 = 3*i - 4*i. Suppose i*t + 2072 = -0*t. What is the remainder when 4/6 + t/(-24) is divided by 3?
1
Let q(j) = -j**3 - 6*j**2 + 48*j + 35. What is the remainder when 445 is divided by q(-11)?
109
Suppose 42*w - 33*w = 225. Let a(v) = 18*v**2 - 3*v + 3. What is the remainder when a(2) is divided by w?
19
Let h = -21 + 11. Let o = h - -15. Let b = 2 + 1. Calculate the remainder when o is divided by b.
2
Suppose 4*x - 2 + 72 = 5*d, 2*x = -d + 28. What is the remainder when d is divided by (-28)/(-238) - 234/(-34)?
4
Let o(m) = 5*m + 13. Let x = 17 + 4. What is the remainder when x is divided by o(0)?
8
Suppose 940 = 4*a + z, -235 = 4*a - 5*a - 3*z. Calculate the remainder when a is divided by 38.
7
Suppose 3*y - 225 = -2*y. Let d(w) be the second derivative of w**4/6 + w**3/2 - 11*w**2/2 - 3*w. What is the remainder when y is divided by d(-5)?
21
Let l(x) = x**3 - 17*x**2 + 22*x - 16. Let v be l(16). Suppose 11*k - v = 7*k. What is the remainder when k is divided by 12?
8
Suppose 0 = -3*b - f + 3*f + 905, -3*f - 3 = 0. Let n = b + -147. Calculate the remainder when n is divided by 26.
24
Suppose 0 = 6*b - 39 - 69. What is the remainder when 19 is divided by (-8)/(-3) + (-12)/b - -5?
5
Let r(s) = 2*s**2 - 4*s + 2. Let d be r(2). Let o(m) = d + 3 + 12*m**2 + 29*m - m**3 - 36*m. Calculate the remainder when o(11) is divided by 25.
24
Suppose k - 5*b - 34 = 0, -k + 6*k = -2*b + 62. Calculate the remainder when 108 is divided by k.
10
Suppose -5*b - 5*c + 990 = 0, -8*c + 12*c = 4. Suppose 5*h - x = 198, 4*x = 3*h + 68 - b. Calculate the remainder when 153 is divided by h.
36
Suppose -3*a = 5*k - 670, -47*k + 51*k - 568 = 4*a. What is the remainder when k is divided by 10?
7
Suppose 22*u - 2563 - 539 = 0. Calculate the remainder when u is divided by 71.
70
What is the remainder when 6/(-27) - ((-1052)/36 + -4) is divided by 25?
8
Suppose 0 = o + 2*p - 7, -5*o = p - 10 - 25. Suppose -28 = 12*z - 16*z. What is the remainder when -7*(3 + (-31)/z) is divided by o?
3
Let i(x) = x + 59. Let b(p) = -p**3 - 6*p**2 + 3*p - 13. What is the remainder when i(0) is divided by b(-7)?
14
Let n = 36 + -15. Let h = 14 - 10. Suppose o + h*o = 55. Calculate the remainder when n is divided by o.
10
Let u be -91 - (5 - (6 - -4)). Let n = -79 - u. Calculate the remainder when 46 is divided by n.
4
Suppose 4*r - 1537 = 1655. Calculate the remainder when r is divided by 32.
30
Let t(z) = 4*z**2 - 4*z + 6. Let c be t(4). Let j = c + -38. Calculate the remainder when 28 is divided by j.
12
Suppose -3*q + 192 = 4*c, 0*q + 8 = -2*q. What is the remainder when 558 is divided by c?
48
Suppose 88 = 3*s - l - 98, -3*s - 3*l + 198 = 0. Calculate the remainder when s is divided by 16.
15
Let b = 342 + -118. Let z = -229 + 107. Let t = b + z. Calculate the remainder when t is divided by 26.
24
Let z(r) = r**3 + 54*r**2 + 50*r - 116. What is the remainder when 77 is divided by z(-53)?
34
Suppose 4*u = -3*q - u + 4, -4*u = 16. Let s(k) = -k**2 - 11*k - 4. Let m be s(-10). What is the remainder when 34 + 9/m*-2 is divided by q?
7
Let z(x) = -x**2 + 41. Calculate the remainder when 14 is divided by z(6).
4
Suppose 5 = t + 3*c, -2*t - 20 = -6*t + 4*c. Suppose -5*i = t*j - 55, 3*i = 9 - 3. Let n = j + -6. What is the remainder when 5 is divided by n?
2
Suppose -5*y + 3*o = -202, 3*o - 10 = -y + 34. What is the remainder when 63 is divided by y?
22
Suppose -4 = -2*s + 3*g, -g = 4*g. Calculate the remainder when 29 is divided by s.
1
Suppose 0 = -16*m + 9*m. Suppose 3*i - 4*n = -0*i + 46, m = -n + 5. Calculate the remainder when 107 is divided by i.
19
Suppose -v + b = -6*v + 1023, 3*v + 5*b - 605 = 0. Let w = v + -131. Calculate the remainder when w is divided by 25.
24
Let z be 3*(-5)/(-35)*7. Suppose 67 = 2*r + s, -z*r + 4*s = s - 78. Calculate the remainder when 152 is divided by r.
28
Suppose -138*x - 2240 = -158*x. What is the remainder when x is divided by 33?
13
Let z(i) = i**2 - 4*i + 2. Let m 